 + 3*b**2/2 + 2*b - 82. What is g(o)?
24
Let w(f) be the second derivative of -f**5/20 + f**4/2 + 4*f**3/3 - 3*f**2 - 1001*f. Determine w(7).
1
Suppose 52*b = 1038 - 1142. Let q(t) = -8*t - 13. Determine q(b).
3
Let t(m) be the first derivative of -m**4/4 - 5*m**3/3 - 2*m**2 + 5*m + 2553. Suppose -3*k + 4*a = -53, 3*a = -3*k + a + 23. Let w = -15 + k. Calculate t(w).
5
Let j be (-6)/(-10) - (-104)/(-40). Let o(a) be the third derivative of -1/2*a**3 + 12*a**2 + 0 - 1/3*a**4 + 0*a. Determine o(j).
13
Let p(a) be the first derivative of -2*a**2 - 8*a + 7 + 179 + 9*a**2 - a**2 - 5*a**2. Let c = -14 - -21. Determine p(c).
6
Let r(v) = 4*v - 19. Suppose 7*g + 7 = 42. Let s be r(g). Let t(n) = 18*n**3 + n**2 - n. Give t(s).
18
Let s(y) be the first derivative of y**2/2 - 14*y + 6826. What is s(4)?
-10
Let f(q) = -3*q**3 + 4*q**2 + 10*q + 14. Suppose 80*z + 2 + 251 = 93. Calculate f(z).
34
Suppose 0*y - 11*y = 0. Suppose y = n - 13 + 11. Let f(u) = 2*u**2 + 1. Determine f(n).
9
Suppose 564*o + 2484 = 978*o. Let x(l) = 0*l + 2*l**2 + 0*l - 6*l. Determine x(o).
36
Let j(a) = 8*a**2 - 21*a + 6. Let q(y) = -12*y**2 + 30*y - 9. Let s(l) = -7*j(l) - 5*q(l). Let u be (-40)/(-18) - (-16)/(-72). What is s(u)?
13
Suppose -12*o - 19*o + 10*o - 34*o = 0. Let n(u) = -u**3 + 2*u**2 + 7*u - 8. What is n(o)?
-8
Let b(n) = 3*n**3 - 23*n**2 + 29*n + 9. Let r be b(6). Let q(t) = 8*t - 34. Calculate q(r).
-10
Let f(i) be the first derivative of 2*i**2 + 16*i + 11497. What is f(1)?
20
Suppose 2*b + 6 = 0, 3*b = -g + 50 + 67. Suppose -14 - g = 20*r. Let x(w) = -w**3 - 6*w**2 + 6*w - 17. Determine x(r).
-10
Let x = 4 - 2. Suppose -16*r = 23*r - 39. Let p(u) = -7 - 6*u + 6 + u**x + 2 + r. Give p(4).
-6
Let i(p) = -p**2 - 12*p + 41. Let w be 5 - (-29)/((-29)/2). Give i(w).
-4
Suppose 0 = 16*c - k - 173, 7*c - 5*c - k - 19 = 0. Let j(a) = -a**3 + 11*a**2 + 6*a - 10. Determine j(c).
56
Let l(p) = p**2 - 2*p - 3. Let s be l(2). Let q be s/(-4) - (-150)/24. Suppose 0 = -6*w + q + 11. Let d(j) = 2*j**2 - 3. Give d(w).
15
Let f(l) = 19*l**2 + 33*l + 87. Let w(i) = -79*i**2 - 133*i - 348. Let g(s) = -25*f(s) - 6*w(s). Give g(-23).
5
Suppose 17*g + 1824 = 5*g. Let v = -155 - g. Let u(n) = -n**3 - 3*n**2 + 2*n + 2. Give u(v).
-4
Let u = 143 + -141. Let a(q) = 0 + 5 - q - 6 + q**u + 2*q. Give a(-2).
1
Let a(f) = -f**3 - f**2 - f - 1. Let l(g) = -5*g**3 - 12*g**2 - 11*g - 11. Let m(w) = 4*a(w) - l(w). Let y = 110 + -309. Let v = -206 - y. Give m(v).
7
Let f(a) = -16*a + 24. Suppose 3*g + 11 = d, -4*d - 32*g + 29*g + 29 = 0. Calculate f(d).
-104
Let w(m) = -19*m**3 + 3*m**2 - m - 1. Let s be w(2). Let u = s - -202. Let q(i) = 0*i**3 - i**3 - 59 + 3*i**2 + 2*i + u. Determine q(4).
-8
Let v(k) = -2*k**2 - 7*k - 5. Suppose -6 = 2*y + 145*r - 144*r, 0 = -4*y - 5*r - 6. What is v(y)?
-9
Let q be 0 - -4 - (5/1 + -3). Let r(t) = -4 - t - 3*t + t**q + 5 - 3. Determine r(4).
-2
Suppose 5 = 13*v - 21. Let x(d) = 3*d**3 - 4*d - 2 + 3*d**v - 7*d**2 - 5*d**3. Calculate x(-2).
6
Let y(j) = -203*j + 11 - j**2 - 208*j - 4 + 402*j. Let a = 84 - 83. Let n(b) = -9*b**3 + 2*b**2 - 2*b + 1. Let l be n(a). Give y(l).
15
Let g(s) = -s**2 - 18*s + 451. Let o be g(-32). Let t(z) = 14*z - 4. Determine t(o).
38
Let w = 102 - 99. Suppose 0 = 4*k + 3*n, -w*k - 3*n + 6*n = 0. Let c be (-1 + k)/((8/24)/(-1)). Let p(q) = 4*q + 3. What is p(c)?
15
Let z(w) be the third derivative of w**6/180 - w**5/30 - w**4/8 - 2*w**3/3 - 44*w**2. Let o(n) be the first derivative of z(n). Give o(-3).
27
Let u(q) = -q**2 - 1 + 2*q**2 - 3*q + 0*q**2. Suppose -1103 = 723*c + 332*c - 553 - 4770. Give u(c).
3
Suppose 4*k - 4 = 0, -2*l - 22*k = -23*k - 29. Let g(z) = z**3 - 15*z**2 + z - 20. Calculate g(l).
-5
Let v(r) = -r**3 - 12*r**2 - 10*r - 10. Let b = -90 - -79. Determine v(b).
-21
Suppose -2*d + 6 = 2. Suppose 2*k + 176 = 6*f - 4*f, 0 = -d*f + k + 175. Let p = f - 93. Let z(n) = n**2 + 9*n + 2. Give z(p).
-16
Let r(t) be the second derivative of -t**5/20 + 5*t**4/12 - 5*t**3/6 - t**2/2 - 2*t + 421. What is r(4)?
-5
Suppose 13*r - 1116 = 7*r. Let g = r + -190. Let l(o) = 1. Let j(n) = -n - 5. Let u(d) = j(d) - 3*l(d). Calculate u(g).
-4
Let n be 2/6*(2 - (5 + 336)). Let g = -114 - n. Let r(c) = 2*c + 2. Determine r(g).
0
Let k(d) = -8 - 20*d + 2*d + 0*d**3 + 13*d + d**3 - 4*d**2. Determine k(6).
34
Let m(s) = 7*s + 8349 - 2783 - 2784 + s**2 - 2783. What is m(-4)?
-13
Suppose 16788*b = 16781*b. Let h(a) = -4 - 5*a**2 + 6*a**2 + 3 + 3. Determine h(b).
2
Let c(l) = -l**2 + 9*l - 10. Let i = 229 - 226. Suppose -2*n + 13 = 8*z - 5*z, -5*z = i*n - 19. Calculate c(n).
-2
Let h(t) = -33*t - 1. Let j(b) = b**2 + 176*b + 4. Let x(p) = 11*h(p) + 2*j(p). Calculate x(5).
-8
Let v(c) = -c**3 - 9*c**2 + 11. Suppose 763 = -208*l - 1169 + 60. Calculate v(l).
11
Suppose 0 = 2*b + 1 - 11. Let w(o) = o - 77954 - 77939 - 77950 + 233845. Give w(b).
7
Suppose -239 = 38*h + 217. Let b be -21*(288/42)/h. Let v(w) = w**2 - 6*w - 3. Let s(d) = d**2 - 7*d - 2. Let u(q) = -6*s(q) + 5*v(q). Calculate u(b).
-3
Let j(s) = 2*s + 7. Let d = -58 - -46. Let i(v) = -7*v - 18. Let f be i(d). Let m be (-2)/(-8) + f/(-8). Determine j(m).
-9
Let v(r) = r**3 - 6*r**2 - 6*r + 8. Let j(o) = 36*o - 3235. Let d be j(90). Calculate v(d).
-47
Suppose 7*u = -56 + 14. Let q(j) be the second derivative of 0 + j**3 - j - 5/12*j**4 - 1/20*j**5 + 5/2*j**2. Calculate q(u).
5
Let u(s) = -s**3 + 11*s**2 - 8*s - 19. Let c be u(10). Let o be c/4*(13 - 9). Let x(d) = 4*d - d**2 + 3*d**2 - 3*d. What is x(o)?
3
Let q be (10/(-3))/((-1)/(-3)). Let w be 4/q - 24/15. Let u(a) = -5*a - 257. Let b(j) = -64. Let n(x) = -4*b(x) + u(x). What is n(w)?
9
Let k = -548 - -1215. Let b = -670 + k. Let y(j) = -j**3 - j**2 + 6*j. Determine y(b).
0
Let j(s) = 389*s**2 + 394*s**2 + 38*s - 2 + 19*s**3 - 36*s - 784*s**2. Give j(1).
18
Let w be (-13)/(624/18)*-16. Let v(b) = -50*b + 0*b**3 - 4*b**2 + 1 + b**3 + 37*b. Determine v(w).
-5
Let v(h) = h**3 + 5*h**2 + 3*h - 4. Let d(u) = -3*u**2 - 79*u - 171. Let i be d(-24). Calculate v(i).
5
Let w = -12495 - -12502. Let p(v) = -3*v**3 + 21*v**2 + 2*v + 1. What is p(w)?
15
Let g(m) = -6*m + 6*m + 9 - 8 + m. Let i(t) = t + 2. Let c be i(4). Let o = -6 + c. Give g(o).
1
Let n(t) = 3*t**3 - 5*t**2 - 4*t - 9. Let j(y) = y**3 - y**2 - 2. Suppose 234*m - 232*m = -2. Let v(x) = m*n(x) + 2*j(x). Determine v(4).
5
Let b = -269 + 176. Let k = -96 - b. Let c(o) = -5*o**2 + o - 3. Determine c(k).
-51
Let y be 26/(-2) + 10 + -5. Let l be 30/8 - 2/(-8). Let d be (l - (-36)/y)/(2/(-20)). Let i(x) = x**2 - 7*x - 1. Calculate i(d).
-11
Suppose -647*s - 14 = -661*s. Let w(b) = 13*b - 4. Give w(s).
9
Let h(q) be the second derivative of -q**3/2 - 3*q**2 - q. Let k be -1 + 20 + (-17 - -21) + -5. Suppose -4*g + 98 = -k*g. What is h(g)?
15
Let p(c) be the second derivative of -c**5/120 + 11*c**4/24 + c**3/6 + 28*c**2 + 2*c - 12. Let l(v) be the second derivative of p(v). Calculate l(11).
0
Let j(x) = 1786824*x - 37 + x**2 - 66 - 1786794*x. Determine j(-33).
-4
Let b(x) = 145*x**2 - 50*x + 52*x - 290*x**2 + 144*x**2 + 6. Calculate b(0).
6
Let d(b) = b**3 + b**2 + b + 1. Let y(q) = -4*q**3 - 9*q**2 - 7*q + 3. Let h(t) = 3*d(t) + y(t). Suppose 2*x + 22 = -3*z, -3*x = -5*z + x. Give h(z).
-10
Let l = -28 + 35. Suppose -5*p = -l - 8. Suppose -p*d + 6 = 30. Let t(i) = 2*i + 10. Determine t(d).
-6
Let q(g) = -12*g + 5. Let k be q(1). Let a(m) = m**2 + 3*m - 23. Let s be a(k). Let z(r) = 5*r + 4. What is z(s)?
29
Let x(q) = 2*q + 12. Let d be x(-5). Let t(w) = -4*w + d - 5 + 3*w - 3. Let g = -140 + 137. What is t(g)?
-3
Let t(y) be the third derivative of y**5/60 - 5*y**4/12 + y**3/2 - 6*y**2. Suppose -a = 3*x - 12, x = 3*a - 0*x - 6. Suppose c - 24 = -a*c. What is t(c)?
-21
Suppose -422 = -16*j - 182. Let t(x) = -x**3 + 14*x**2 + 19*x - 40. Give t(j).
20
Let f(k) be the first derivative of k**4/4 - 7*k**3/3 - 9*k**2/2 + 12*k + 3. Let q be (3 - 2)/(2/96*4). Suppose -q*u + 36 + 60 = 0. Determine f(u).
4
Let m(v) be the first derivative of v**2/2 - 21*v - 4047. Determine m(10).
-11
Suppose 2*a = 2*t - 4, 2*a - 30 + 52 = 5*t. Let u(d) = -d + 10. Let i(z) = z - 9. Let v(y) = 4*i(y) + 3*u(y). Determine v(t).
0
Suppose -90*j + 69*j = -189. Let f(d) = -8*d + 93. Give f(j).
21
Let z(o) be the third deri